{"id":838,"date":"2022-12-07T16:58:41","date_gmt":"2022-12-07T15:58:41","guid":{"rendered":"https:\/\/dieter-impekoven.de\/Sanitaer-Heizung-Klima\/?page_id=838"},"modified":"2026-01-23T15:47:15","modified_gmt":"2026-01-23T14:47:15","slug":"karriere","status":"publish","type":"page","link":"https:\/\/dieter-impekoven.de\/Sanitaer-Heizung-Klima\/karriere\/","title":{"rendered":"Jobs \/ Karriere"},"content":{"rendered":"<div  data-label=\"WillkommenimTeam\" data-id=\"about--1\" data-export-id=\"about-10\" data-category=\"about\" class=\"about-10 content-section content-section-spacing\" id=\"willkommenimteam\" style=\"background-color: rgb(255, 255, 255);\"><div  class=\"gridContainer\"> <div  class=\"row middle-sm text-center\"><div  class=\"col-sm-5 space-bottom-xs content-column\" data-type=\"column\"> <h5  class=\"\">Willkommen in einem starken Team!<\/h5> <h2  class=\"\">Viele Gr\u00fcnde f\u00fcr eine Karriere bei der Fa. Dieter Impekoven<\/h2> <p  class=\"\">Unsere Mitarbeitenden sind unser Aush\u00e4ngeschild, deswegen sorgen wir von der Fa. Dieter Impekoven e.K f\u00fcr die optimalen Rahmenbedingungen.&nbsp;Als traditionsreiches Unternehmen in Sachen Sanit\u00e4r-, Heizung- und Klimatechnik schaffen wir es, dass jedes einzelne Teammitglied mit einem L\u00e4cheln im Gesicht zur Arbeit geht.<br ><br >Wir bieten vom <span  style=\"font-style: italic;\">Praktikum<\/span> \u00fcber die <span  style=\"font-style: italic;\">Ausbildung<\/span> bis hin zur <span  style=\"font-style: italic;\">fachlichen Weiterbildung<\/span> alle M\u00f6glichkeiten, um in unser Handwerk reinzuschnuppern oder um langfristig als Fachkraft Teil unseres erfolgreichen Teams zu werden.<\/p> <a  class=\"button color1\" href=\"#stellenangebote\" target=\"_self\" data-cp-link=\"1\" data-icon=\"\" rel=\"noopener noreferrer\">Direkt zu den Stellenangeboten<\/a><\/div> <div  class=\"col-sm-7 flexbox middle-xs center-xs space-bottom-xs\"><div  class=\"overlay-box middle-xs center-xs flexbox\"> <div  class=\"overlay-box-offset offset-border shadow-medium border-color1 hide-xs\"><\/div> <img  decoding=\"async\" class=\"shadow-large\" data-size=\"485x705\" src=\"https:\/\/dieter-impekoven.de\/Sanitaer-Heizung-Klima\/wp-content\/uploads\/2022\/12\/cropped-architect-1080592-scaled-1.jpg\" title=\"cropped-architect-1080592-scaled-1.jpg\" alt=\"\"><\/div> <\/div><\/div> <\/div><\/div><div  data-label=\"HansOlafHenkel\" data-id=\"about--2\" data-export-id=\"about-image-text\" data-category=\"about\" class=\"about-image-text content-section content-section-spacing\" id=\"hansolafhenkel\" style=\"background-color: rgb(245, 250, 253);\"><div  class=\"gridContainer\"> <div  class=\"row\"><div  class=\"col-sm-6 flexbox-strech center-xs middle-xs no-gutter-col\"> <div  class=\"shadow-large overlap-right-large flexbox middle-xs center-xs left-img\" data-bg=\"image\" style=\"background-image: url(&quot;https:\/\/dieter-impekoven.de\/Sanitaer-Heizung-Klima\/wp-content\/uploads\/2022\/12\/cropped-building-2762238_1920.jpg&quot;);\"><\/div><\/div> <div  class=\"col-sm-6 space-bottom-xs col-padding-small-xs col-sm-padding-large bg-color5 white-text content-col\" data-type=\"column\"> <h2  class=\"\"><span  style=\"font-style: italic; font-weight: 300;\">\u201cMitarbeiter k\u00f6nnen alles: wenn man sie weiterbildet, wenn man ihnen Werkzeuge gibt, vor allem aber, wenn man es ihnen zutraut.\u201d<\/span><\/h2> <p  class=\"\"><span  style=\"font-style: italic; font-weight: 300; font-family: &quot;times new roman&quot;, times, serif;\">*Hans-Olaf Henkel, dt. Topmanager<\/span><\/p><\/div> <\/div><\/div> <\/div><div  data-label=\"VieleGruende\" data-id=\"overlappable--1\" data-export-id=\"overlappable-2\" data-category=\"overlappable\" class=\"overlappable-2 content-section content-section-spacing\" data-overlap=\"true\" id=\"vielegruende\" style=\"background-color: rgb(255, 255, 255);\"><div  class=\"gridContainer\"> <div  class=\"row middle-sm shadow-medium bg-color-white\"><div  class=\"col-xs-12 col-sm-4 top-sm col-padding col-padding-xs\" data-type=\"column\"> <h3  class=\"font-300\"><span  style=\"text-decoration: underline;\">Komm zu uns \u2013 es lohnt sich!<\/span><\/h3> <img  decoding=\"async\" class=\"custom-image\" src=\"https:\/\/dieter-impekoven.de\/Sanitaer-Heizung-Klima\/wp-content\/uploads\/2022\/12\/cropped-job-3790033_1920.jpg\" title=\"cropped-job-3790033_1920.jpg\" alt=\"\"><p  class=\"\">Unsere Unternehmenskultur baut sich auf verschiedenen S\u00e4ulen auf:<\/p> <\/div> <div  class=\"col-xs-12 col-sm-8\"><div  data-type=\"row\" class=\"row\"> <div  class=\"col-xs-12 col-sm-6 col-padding col-padding-small-xs\"><i  class=\"fa icon fa-exchange bordered round color3\"><\/i> <h5  class=\"\">Feedback &amp; Transparenz<\/h5> <p  class=\"\">Ehrliches Feedback und transparente<br >\nKommunikation von unseren Mitarbeitenden<br >ist uns schon immer wichtig.<br >\nDenn nur durch regelm\u00e4\u00dfigen Austausch<br >\nvon beiden Seiten gelingt es Schw\u00e4chen<br >\nauszugleichen und St\u00e4rken zu f\u00f6rdern.<\/p><\/div> <div  class=\"col-xs-12 col-sm-6 col-padding col-padding-small-xs\"><i  class=\"fa icon fa-thumbs-o-up bordered round color3\"><\/i> <h5  class=\"\">Ein gutes Betriebsklima<span  id=\"_mce_caret\" data-mce-bogus=\"1\" data-mce-type=\"format-caret\"><span  style=\"text-decoration: underline;\">\ufeff<\/span><\/span><\/h5> <p  class=\"\">Ein fairer Umgang liegt uns am Herzen, deswegen begegnen wir einander auf Augenh\u00f6he und achten auf gute Zusammenarbeit unter den Kolleg*innen. Auch neue Mitarbeitende werden schnell und umfassend integriert.<\/p><\/div> <div  class=\"col-xs-12 col-sm-6 col-padding col-padding-small-xs\"><i  class=\"fa icon fa-star bordered round color3\"><\/i> <h5  class=\"\">Arbeitssicherheit<\/h5> <p  class=\"\">Bei uns muss niemand bis an seine Belastungsgrenze gehen. Zahlreiche Arbeitserleichterungen wie z.B eine Treppensteiger-Raupe, die schwere Kessel m\u00fchelos tr\u00e4gt, geh\u00f6ren zur Standardausr\u00fcstung.&nbsp;Durch ein hohes Ma\u00df an Arbeitsschutz gew\u00e4hrleisten wir Sicherheit und feste Arbeitszeiten.<\/p><\/div> <div  class=\"col-xs-12 col-sm-6 col-padding col-padding-small-xs\"> <i  class=\"fa icon fa-user-plus bordered round color3\"><\/i> <h5  class=\"\">Benefits<\/h5> <p  class=\"\">Bereitstellung der Berufsbekleidung, Mitarbeiterevents, das eigene Smartphone, verm\u00f6genswirksame Leistungen, Weihnachts- &amp; Urlaubsgeld, ein voll ausgestatteter Firmenwagen und noch vieles mehr geh\u00f6ren zu den Vorteilen als Mitarbeitende\/r bei uns.<\/p><\/div> <\/div><\/div> <\/div><\/div> <\/div><div  data-label=\"Stellenangebote\" data-id=\"features--1\" data-export-id=\"features-16-card-bordered-mc\" data-category=\"features\" class=\"features-16-card-bordered-mc content-section content-section-spacing\" id=\"stellenangebote\" style=\"background-color: rgb(245, 250, 253); background-image: none;\"><div  class=\"gridContainer\"> <div  class=\"row text-center\"><div  class=\"section-title-col\" data-type=\"column\"> <h5  class=\"\">Wir suchen dich!<\/h5> <h2  class=\"\">Unser Stellenangebote<\/h2> <p  class=\"lead\">Wir suchen neue Mitarbeiterinnen und Mitarbeiter im Bereich der Haustechnik: Sanit\u00e4r, Heizung und Klima, um unsere Kunden nachhaltiger zufrieden stellen zu k\u00f6nnen.\n<\/p><\/div> <\/div> <div  class=\"row spaced-cols\" data-type=\"row\">  <div  class=\"col-xs-12 col-sm-6 col-md-4\"><div  class=\"card no-padding bordered y-move\"> <img  decoding=\"async\" class=\"face\" src=\"https:\/\/dieter-impekoven.de\/Sanitaer-Heizung-Klima\/wp-content\/uploads\/2022\/12\/cropped-copper-4318679_1920.jpg\" title=\"cropped-copper-4318679_1920.jpg\" alt=\"\"> <div  data-type=\"column\" class=\"col-padding-small col-padding-small-xs description-container\"> <h4  class=\"font-500\">Bauhelfer\/-in (m\/w\/d) als Assistent\/-in, Helfer\/-in<\/h4> <p  class=\"\">verf\u00fcgbar ab sofort |&nbsp;Bewerbung jederzeit m\u00f6glich.&nbsp;Praktika auf Anfrage.<\/p><\/div> <div  data-type=\"column\" class=\"col-padding-small col-padding-small-xs read-more-container\"><\/div> <\/div><\/div> <div  class=\"col-xs-12 col-sm-6 col-md-4\"><div  class=\"card no-padding bordered y-move\"> <img  decoding=\"async\" class=\"face\" src=\"https:\/\/dieter-impekoven.de\/Sanitaer-Heizung-Klima\/wp-content\/uploads\/2022\/12\/cropped-welding-108585_1920.jpg\" title=\"cropped-welding-108585_1920.jpg\" alt=\"\"> <div  data-type=\"column\" class=\"col-padding-small col-padding-small-xs description-container\"> <h4  class=\"font-500\">Ausbildung: Anlagen\u00admecha\u00adniker\/-in (m\/w\/d) \u2013 Sani\u00adt\u00e4r-, Hei\u00adzungs- und Klima\u00adtechnik<\/h4> <p  class=\"\">verf\u00fcgbar f\u00fcr 08\/2026 | Bewerbung jederzeit m\u00f6glich. Praktika auf Anfrage.<\/p><\/div> <div  data-type=\"column\" class=\"col-padding-small col-padding-small-xs read-more-container\"><\/div> <\/div><\/div> <\/div><\/div> <\/div><div  data-label=\"Kontakt\" data-id=\"cta--1\" data-export-id=\"cta-centered-section-grid\" data-category=\"cta\" class=\"cta-centered-section-grid content-section content-section-spacing-medium bg-color1 white-text\" id=\"kontakt\"><div  class=\"gridContainer\"> <div  class=\"row text-center\"><div  class=\"col-xs-12 col-sm-10 col-sm-offset-1 col-md-8 col-md-offset-2\" data-type=\"column\"> <h2  class=\"\">Sie interessieren sich f\u00fcr eine Karriere bei der Fa. Dieter Impekoven e.K. in Herten ?<\/h2> <p  class=\"\">Z\u00f6gern Sie nicht, uns zu kontaktieren! \u00dcber unser Kontaktformular erreichen Sie uns jederzeit. Wir freuen uns auch \u00fcber Ihre aussagekr\u00e4ftige Initiativbewerbung, die Sie nach der Kontaktaufnahme digital einreichen k\u00f6nnen. Wir sind gespannt darauf, mehr \u00fcber Sie zu erfahren und gemeinsam Ihre berufliche Zukunft zu gestalten.<\/p> <a  class=\"button color3\" href=\"https:\/\/dieter-impekoven.de\/Sanitaer-Heizung-Klima\/#kontakt\" target=\"_blank\" data-cp-link=\"1\" data-icon=\"\" rel=\"noopener noreferrer\">Zum Kontaktformular<\/a><\/div> <\/div><\/div> <\/div>","protected":false},"excerpt":{"rendered":"<p>Willkommen in einem starken Team! Viele Gr\u00fcnde f\u00fcr eine Karriere bei der Fa. Dieter Impekoven Unsere Mitarbeitenden sind unser Aush\u00e4ngeschild, deswegen sorgen wir von der Fa. Dieter Impekoven e.K f\u00fcr die optimalen Rahmenbedingungen.&nbsp;Als traditionsreiches Unternehmen in Sachen Sanit\u00e4r-, Heizung- und Klimatechnik schaffen wir es, dass jedes einzelne Teammitglied mit einem L\u00e4cheln im Gesicht zur Arbeit&hellip; <br \/> <a class=\"read-more\" href=\"https:\/\/dieter-impekoven.de\/Sanitaer-Heizung-Klima\/karriere\/\">Weiterlesen<\/a><\/p>\n","protected":false},"author":1,"featured_media":855,"parent":0,"menu_order":0,"comment_status":"closed","ping_status":"closed","template":"pro\/page-templates\/full-width-page.php","meta":{"footnotes":""},"class_list":["post-838","page","type-page","status-publish","has-post-thumbnail","hentry"],"_links":{"self":[{"href":"https:\/\/dieter-impekoven.de\/Sanitaer-Heizung-Klima\/wp-json\/wp\/v2\/pages\/838","targetHints":{"allow":["GET"]}}],"collection":[{"href":"https:\/\/dieter-impekoven.de\/Sanitaer-Heizung-Klima\/wp-json\/wp\/v2\/pages"}],"about":[{"href":"https:\/\/dieter-impekoven.de\/Sanitaer-Heizung-Klima\/wp-json\/wp\/v2\/types\/page"}],"author":[{"embeddable":true,"href":"https:\/\/dieter-impekoven.de\/Sanitaer-Heizung-Klima\/wp-json\/wp\/v2\/users\/1"}],"replies":[{"embeddable":true,"href":"https:\/\/dieter-impekoven.de\/Sanitaer-Heizung-Klima\/wp-json\/wp\/v2\/comments?post=838"}],"version-history":[{"count":18,"href":"https:\/\/dieter-impekoven.de\/Sanitaer-Heizung-Klima\/wp-json\/wp\/v2\/pages\/838\/revisions"}],"predecessor-version":[{"id":1219,"href":"https:\/\/dieter-impekoven.de\/Sanitaer-Heizung-Klima\/wp-json\/wp\/v2\/pages\/838\/revisions\/1219"}],"wp:featuredmedia":[{"embeddable":true,"href":"https:\/\/dieter-impekoven.de\/Sanitaer-Heizung-Klima\/wp-json\/wp\/v2\/media\/855"}],"wp:attachment":[{"href":"https:\/\/dieter-impekoven.de\/Sanitaer-Heizung-Klima\/wp-json\/wp\/v2\/media?parent=838"}],"curies":[{"name":"wp","href":"https:\/\/api.w.org\/{rel}","templated":true}]}}

<div  data-label="WillkommenimTeam" data-id="about--1" data-export-id="about-10" data-category="about" class="about-10 content-section content-section-spacing" id="willkommenimteam" style="background-color: rgb(255, 255, 255);"><div  class="gridContainer"> <div  class="row middle-sm text-center"><div  class="col-sm-5 space-bottom-xs content-column" data-type="column"> <h5  class="">Willkommen in einem starken Team!</h5> <h2  class="">Viele Gründe für eine Karriere bei der Fa. Dieter Impekoven</h2> <p  class="">Unsere Mitarbeitenden sind unser Aushängeschild, deswegen sorgen wir von der Fa. Dieter Impekoven e.K für die optimalen Rahmenbedingungen.&nbsp;Als traditionsreiches Unternehmen in Sachen Sanitär-, Heizung- und Klimatechnik schaffen wir es, dass jedes einzelne Teammitglied mit einem Lächeln im Gesicht zur Arbeit geht.<br ><br >Wir bieten vom <span  style="font-style: italic;">Praktikum</span> über die <span  style="font-style: italic;">Ausbildung</span> bis hin zur <span  style="font-style: italic;">fachlichen Weiterbildung</span> alle Möglichkeiten, um in unser Handwerk reinzuschnuppern oder um langfristig als Fachkraft Teil unseres erfolgreichen Teams zu werden.</p> <a  class="button color1" href="#stellenangebote" target="_self" data-cp-link="1" data-icon="" rel="noopener noreferrer">Direkt zu den Stellenangeboten</a></div> <div  class="col-sm-7 flexbox middle-xs center-xs space-bottom-xs"><div  class="overlay-box middle-xs center-xs flexbox"> <div  class="overlay-box-offset offset-border shadow-medium border-color1 hide-xs"></div> <img  decoding="async" class="shadow-large" data-size="485x705" src="https://dieter-impekoven.de/Sanitaer-Heizung-Klima/wp-content/uploads/2022/12/cropped-architect-1080592-scaled-1.jpg" title="cropped-architect-1080592-scaled-1.jpg" alt=""></div> </div></div> </div></div><div  data-label="HansOlafHenkel" data-id="about--2" data-export-id="about-image-text" data-category="about" class="about-image-text content-section content-section-spacing" id="hansolafhenkel" style="background-color: rgb(245, 250, 253);"><div  class="gridContainer"> <div  class="row"><div  class="col-sm-6 flexbox-strech center-xs middle-xs no-gutter-col"> <div  class="shadow-large overlap-right-large flexbox middle-xs center-xs left-img" data-bg="image" style="background-image: url(&quot;https://dieter-impekoven.de/Sanitaer-Heizung-Klima/wp-content/uploads/2022/12/cropped-building-2762238_1920.jpg&quot;);"></div></div> <div  class="col-sm-6 space-bottom-xs col-padding-small-xs col-sm-padding-large bg-color5 white-text content-col" data-type="column"> <h2  class=""><span  style="font-style: italic; font-weight: 300;">“Mitarbeiter können alles: wenn man sie weiterbildet, wenn man ihnen Werkzeuge gibt, vor allem aber, wenn man es ihnen zutraut.”</span></h2> <p  class=""><span  style="font-style: italic; font-weight: 300; font-family: &quot;times new roman&quot;, times, serif;">*Hans-Olaf Henkel, dt. Topmanager</span></p></div> </div></div> </div><div  data-label="VieleGruende" data-id="overlappable--1" data-export-id="overlappable-2" data-category="overlappable" class="overlappable-2 content-section content-section-spacing" data-overlap="true" id="vielegruende" style="background-color: rgb(255, 255, 255);"><div  class="gridContainer"> <div  class="row middle-sm shadow-medium bg-color-white"><div  class="col-xs-12 col-sm-4 top-sm col-padding col-padding-xs" data-type="column"> <h3  class="font-300"><span  style="text-decoration: underline;">Komm zu uns – es lohnt sich!</span></h3> <img  decoding="async" class="custom-image" src="https://dieter-impekoven.de/Sanitaer-Heizung-Klima/wp-content/uploads/2022/12/cropped-job-3790033_1920.jpg" title="cropped-job-3790033_1920.jpg" alt=""><p  class="">Unsere Unternehmenskultur baut sich auf verschiedenen Säulen auf:</p> </div> <div  class="col-xs-12 col-sm-8"><div  data-type="row" class="row"> <div  class="col-xs-12 col-sm-6 col-padding col-padding-small-xs"><i  class="fa icon fa-exchange bordered round color3"></i> <h5  class="">Feedback &amp; Transparenz</h5> <p  class="">Ehrliches Feedback und transparente<br >
Kommunikation von unseren Mitarbeitenden<br >ist uns schon immer wichtig.<br >
Denn nur durch regelmäßigen Austausch<br >
von beiden Seiten gelingt es Schwächen<br >
auszugleichen und Stärken zu fördern.</p></div> <div  class="col-xs-12 col-sm-6 col-padding col-padding-small-xs"><i  class="fa icon fa-thumbs-o-up bordered round color3"></i> <h5  class="">Ein gutes Betriebsklima<span  id="_mce_caret" data-mce-bogus="1" data-mce-type="format-caret"><span  style="text-decoration: underline;">﻿</span></span></h5> <p  class="">Ein fairer Umgang liegt uns am Herzen, deswegen begegnen wir einander auf Augenhöhe und achten auf gute Zusammenarbeit unter den Kolleg*innen. Auch neue Mitarbeitende werden schnell und umfassend integriert.</p></div> <div  class="col-xs-12 col-sm-6 col-padding col-padding-small-xs"><i  class="fa icon fa-star bordered round color3"></i> <h5  class="">Arbeitssicherheit</h5> <p  class="">Bei uns muss niemand bis an seine Belastungsgrenze gehen. Zahlreiche Arbeitserleichterungen wie z.B eine Treppensteiger-Raupe, die schwere Kessel mühelos trägt, gehören zur Standardausrüstung.&nbsp;Durch ein hohes Maß an Arbeitsschutz gewährleisten wir Sicherheit und feste Arbeitszeiten.</p></div> <div  class="col-xs-12 col-sm-6 col-padding col-padding-small-xs"> <i  class="fa icon fa-user-plus bordered round color3"></i> <h5  class="">Benefits</h5> <p  class="">Bereitstellung der Berufsbekleidung, Mitarbeiterevents, das eigene Smartphone, vermögenswirksame Leistungen, Weihnachts- &amp; Urlaubsgeld, ein voll ausgestatteter Firmenwagen und noch vieles mehr gehören zu den Vorteilen als Mitarbeitende/r bei uns.</p></div> </div></div> </div></div> </div><div  data-label="Stellenangebote" data-id="features--1" data-export-id="features-16-card-bordered-mc" data-category="features" class="features-16-card-bordered-mc content-section content-section-spacing" id="stellenangebote" style="background-color: rgb(245, 250, 253); background-image: none;"><div  class="gridContainer"> <div  class="row text-center"><div  class="section-title-col" data-type="column"> <h5  class="">Wir suchen dich!</h5> <h2  class="">Unser Stellenangebote</h2> <p  class="lead">Wir suchen neue Mitarbeiterinnen und Mitarbeiter im Bereich der Haustechnik: Sanitär, Heizung und Klima, um unsere Kunden nachhaltiger zufrieden stellen zu können.
</p></div> </div> <div  class="row spaced-cols" data-type="row">  <div  class="col-xs-12 col-sm-6 col-md-4"><div  class="card no-padding bordered y-move"> <img  decoding="async" class="face" src="https://dieter-impekoven.de/Sanitaer-Heizung-Klima/wp-content/uploads/2022/12/cropped-copper-4318679_1920.jpg" title="cropped-copper-4318679_1920.jpg" alt=""> <div  data-type="column" class="col-padding-small col-padding-small-xs description-container"> <h4  class="font-500">Bauhelfer/-in (m/w/d) als Assistent/-in, Helfer/-in</h4> <p  class="">verfügbar ab sofort |&nbsp;Bewerbung jederzeit möglich.&nbsp;Praktika auf Anfrage.</p></div> <div  data-type="column" class="col-padding-small col-padding-small-xs read-more-container"></div> </div></div> <div  class="col-xs-12 col-sm-6 col-md-4"><div  class="card no-padding bordered y-move"> <img  decoding="async" class="face" src="https://dieter-impekoven.de/Sanitaer-Heizung-Klima/wp-content/uploads/2022/12/cropped-welding-108585_1920.jpg" title="cropped-welding-108585_1920.jpg" alt=""> <div  data-type="column" class="col-padding-small col-padding-small-xs description-container"> <h4  class="font-500">Ausbildung: Anlagen­mecha­niker/-in (m/w/d) – Sani­tär-, Hei­zungs- und Klima­technik</h4> <p  class="">verfügbar für 08/2026 | Bewerbung jederzeit möglich. Praktika auf Anfrage.</p></div> <div  data-type="column" class="col-padding-small col-padding-small-xs read-more-container"></div> </div></div> </div></div> </div><div  data-label="Kontakt" data-id="cta--1" data-export-id="cta-centered-section-grid" data-category="cta" class="cta-centered-section-grid content-section content-section-spacing-medium bg-color1 white-text" id="kontakt"><div  class="gridContainer"> <div  class="row text-center"><div  class="col-xs-12 col-sm-10 col-sm-offset-1 col-md-8 col-md-offset-2" data-type="column"> <h2  class="">Sie interessieren sich für eine Karriere bei der Fa. Dieter Impekoven e.K. in Herten ?</h2> <p  class="">Zögern Sie nicht, uns zu kontaktieren! Über unser Kontaktformular erreichen Sie uns jederzeit. Wir freuen uns auch über Ihre aussagekräftige Initiativbewerbung, die Sie nach der Kontaktaufnahme digital einreichen können. Wir sind gespannt darauf, mehr über Sie zu erfahren und gemeinsam Ihre berufliche Zukunft zu gestalten.</p> <a  class="button color3" href="https://dieter-impekoven.de/Sanitaer-Heizung-Klima/#kontakt" target="_blank" data-cp-link="1" data-icon="" rel="noopener noreferrer">Zum Kontaktformular</a></div> </div></div> </div>

<p>Willkommen in einem starken Team! Viele Gründe für eine Karriere bei der Fa. Dieter Impekoven Unsere Mitarbeitenden sind unser Aushängeschild, deswegen sorgen wir von der Fa. Dieter Impekoven e.K für die optimalen Rahmenbedingungen.&nbsp;Als traditionsreiches Unternehmen in Sachen Sanitär-, Heizung- und Klimatechnik schaffen wir es, dass jedes einzelne Teammitglied mit einem Lächeln im Gesicht zur Arbeit&hellip; <br /> <a class="read-more" href="https://dieter-impekoven.de/Sanitaer-Heizung-Klima/karriere/">Weiterlesen</a></p>
