{"id":574,"date":"2020-09-02T15:29:26","date_gmt":"2020-09-02T13:29:26","guid":{"rendered":"https:\/\/dieter-impekoven.de\/Sanitaer-Heizung-Klima\/?page_id=574"},"modified":"2020-09-04T11:30:50","modified_gmt":"2020-09-04T09:30:50","slug":"gas-check","status":"publish","type":"page","link":"https:\/\/dieter-impekoven.de\/Sanitaer-Heizung-Klima\/gas-check\/","title":{"rendered":"Gas-Check"},"content":{"rendered":"<div  data-label=\"GehenSieaufNummerSicher\" data-id=\"about--2\" data-export-id=\"about-9\" data-category=\"about\" class=\"about-9 content-section content-section-spacing\" id=\"gehensieaufnummersicher\" style=\"background-color: rgb(245, 250, 253);\"><div  class=\"gridContainer\"> <div  class=\"row middle-sm text-center\"><div  class=\"col-sm-5 space-bottom-xs content-column content-right-sm\" data-type=\"column\"> <h5  class=\"\">Fachgerechter Gas-Check f\u00fcr alle Heizungsanlagen<\/h5> <h2  class=\"\" style=\"text-align: center;\"><span  style=\"font-weight: 600;\">Gehen Sie auf Nummer sicher!<\/span><span  id=\"_mce_caret\" data-mce-bogus=\"1\" data-mce-type=\"format-caret\"><span  style=\"font-weight: 600;\">\ufeff<\/span><\/span><\/h2> <p  class=\"\" style=\"text-align: left;\">Kleine Sch\u00e4den an Gasleitungen sind f\u00fcr Laien meist schwer erkennbar. <br >Eine fachgerechte \u00dcberpr\u00fcfung der Gasanlage kann deshalb helfen, M\u00e4ngel zu entdecken und hohe Reparaturkosten zu vermeiden.\n<br >\nUnser regelm\u00e4\u00dfiger Gas-Check sch\u00fctzt ihr Leben und das Ihrer Familie.<br >\nGas \u2013 ein sich verfl\u00fcchtigender, explosiver Stoff \u2013 kann bei unkontrolliertem Entweichen aus der Leitung Schaden anrichten. Wir pr\u00fcfen Ihren Gasanschluss auf zuverl\u00e4ssige Dichtigkeit und erkennen als geschulter Fachbetrieb der Innung auch die kleinsten Sch\u00e4den.<\/p> <\/div> <div  class=\"col-sm-7 flexbox flexbox middle-xs center-xs space-bottom-xs\"><div  class=\"overlay-box flexbox middle-xs center-xs overlay-holder \"> <div  class=\"overlay-box-offset shadow-medium bg-color2 hide-xs offset-background\"><\/div> <img decoding=\"async\"  class=\"flexbox shadow-large img1\" src=\"https:\/\/dieter-impekoven.de\/Sanitaer-Heizung-Klima\/wp-content\/uploads\/2020\/09\/cropped-pexels-pixabay-266896-scaled-1.jpg\" data-size=\"600x400\" alt=\"\" title=\"cropped-pexels-pixabay-266896-scaled-1.jpg\"><\/div> <\/div><\/div> <\/div><\/div><div  data-label=\"EigentuemerhatdieVeratnwortung\" data-id=\"content--1\" data-export-id=\"content-8-mc\" data-category=\"content\" class=\"content-8-mc content-section content-section-spacing\" id=\"eigentuemerhatdieveratnwortung\" style=\"background-color: rgb(255, 255, 255);\"><div  class=\"gridContainer\"> <div  class=\"row middle-sm\"><div  class=\"col-sm-6 space-bottom-xs space-top-xs\" data-type=\"column\"> <img decoding=\"async\"  class=\"shadow-large\" src=\"https:\/\/dieter-impekoven.de\/Sanitaer-Heizung-Klima\/wp-content\/uploads\/2020\/09\/cropped-eigentuemer-scaled-1.jpg\" alt=\"\" title=\"cropped-eigentuemer-scaled-1.jpg\"><\/div> <div  class=\"col-sm-6\" data-type=\"column\"><h2  class=\"\">Die Verantwortung liegt beim Eigent\u00fcmer<\/h2> <p  class=\"\">Wussten Sie, dass die Verantwortung der Gasanlage immer bei dem Geb\u00e4udeeigent\u00fcmer liegt? Nach der Hauptabsperreinrichtung des Geb\u00e4udes, bzw. vor dem Gasz\u00e4hler beginnt bereits die Instandhaltungspflicht.\n<br >Vor der ersten Inbetriebnahme muss die Gasleitung auf Dichtheit \u00fcberpr\u00fcft werden. Um auf Nummer sicher zu gehen sollten Nutzer ihre Gasleitung alle 12 Jahre auf Gebrauchsf\u00e4higkeit (umg. Dichtheit) \u00fcberpr\u00fcfen lassen. Dies nat\u00fcrlich nur von einem eingetragenen Fachbetrieb.<br ><br >Gerne k\u00f6nnen Sie auch in Verbindung der j\u00e4hrlichen Wartung der Heizungsanlage ihren Gas-Check durchf\u00fchren lassen. Sprechen Sie uns einfach an.<\/p> <\/div> <\/div><\/div> <\/div><div  data-label=\"Dergasganzsichercheck\" data-id=\"content--3\" data-export-id=\"content-1\" data-category=\"content\" class=\"content-1 content-section content-section-spacing\" id=\"dergasganzsichercheck\" style=\"background-color: rgb(245, 250, 253); background-image: none;\"><div  class=\"gridContainer\"> <div  class=\"row middle-sm\"><div  class=\"col-sm-6\" data-type=\"column\"> <h6  class=\"\">Video:<\/h6><h2  class=\"\">Der Gas-ganz-sicher-Check<\/h2> <p  class=\"\">Im Zuge der <span  style=\"font-style: italic;\">\u201eWir-Checken-F\u00fcr-Deutschland\u201c<\/span> \u2013 Kampagne des <span  style=\"font-style: italic;\">Zentralverbandes f\u00fcr Sanit\u00e4r-Heizung-Klima<\/span> hat dieser ein Video ver\u00f6ffentlicht.\n<br ><br ><br >\nRufen Sie uns gerne an und lassen Sie auch Ihre Gasinstallation von uns \u00fcberpr\u00fcfen.<\/p> <\/div> <div  class=\"col-sm-6 flexbox-strech center-xs middle-xs\"><div  class=\"lightbox-video lightbox-video-tall dark-overlay shadow-large flexbox middle-xs center-xs\" data-bg=\"image\" data-type=\"group\" style=\"background-image: url(&quot;https:\/\/dieter-impekoven.de\/Sanitaer-Heizung-Klima\/wp-content\/uploads\/2020\/09\/cropped-wp_file_17566-1.jpg&quot;);\"> <a  data-fancybox=\"\" data-video-lightbox=\"true\" href=\"https:\/\/www.youtube.com\/watch?v=A271fu7Qk4M\" class=\"\"> <i  class=\"fa video-icon fa-play-circle-o color2\" data-cp-fa=\"true\"><\/i><\/a> <\/div><\/div> <\/div><\/div> <\/div>","protected":false},"excerpt":{"rendered":"<p>Fachgerechter Gas-Check f\u00fcr alle Heizungsanlagen Gehen Sie auf Nummer sicher!\ufeff Kleine Sch\u00e4den an Gasleitungen sind f\u00fcr Laien meist schwer erkennbar. Eine fachgerechte \u00dcberpr\u00fcfung der Gasanlage kann deshalb helfen, M\u00e4ngel zu entdecken und hohe Reparaturkosten zu vermeiden. Unser regelm\u00e4\u00dfiger Gas-Check sch\u00fctzt ihr Leben und das Ihrer Familie. Gas \u2013 ein sich verfl\u00fcchtigender, explosiver Stoff \u2013 kann&hellip; <br \/> <a class=\"read-more\" href=\"https:\/\/dieter-impekoven.de\/Sanitaer-Heizung-Klima\/gas-check\/\">Weiterlesen<\/a><\/p>\n","protected":false},"author":1,"featured_media":588,"parent":0,"menu_order":0,"comment_status":"closed","ping_status":"closed","template":"pro\/page-templates\/full-width-page.php","meta":{"footnotes":""},"class_list":["post-574","page","type-page","status-publish","has-post-thumbnail","hentry"],"_links":{"self":[{"href":"https:\/\/dieter-impekoven.de\/Sanitaer-Heizung-Klima\/wp-json\/wp\/v2\/pages\/574","targetHints":{"allow":["GET"]}}],"collection":[{"href":"https:\/\/dieter-impekoven.de\/Sanitaer-Heizung-Klima\/wp-json\/wp\/v2\/pages"}],"about":[{"href":"https:\/\/dieter-impekoven.de\/Sanitaer-Heizung-Klima\/wp-json\/wp\/v2\/types\/page"}],"author":[{"embeddable":true,"href":"https:\/\/dieter-impekoven.de\/Sanitaer-Heizung-Klima\/wp-json\/wp\/v2\/users\/1"}],"replies":[{"embeddable":true,"href":"https:\/\/dieter-impekoven.de\/Sanitaer-Heizung-Klima\/wp-json\/wp\/v2\/comments?post=574"}],"version-history":[{"count":6,"href":"https:\/\/dieter-impekoven.de\/Sanitaer-Heizung-Klima\/wp-json\/wp\/v2\/pages\/574\/revisions"}],"predecessor-version":[{"id":680,"href":"https:\/\/dieter-impekoven.de\/Sanitaer-Heizung-Klima\/wp-json\/wp\/v2\/pages\/574\/revisions\/680"}],"wp:featuredmedia":[{"embeddable":true,"href":"https:\/\/dieter-impekoven.de\/Sanitaer-Heizung-Klima\/wp-json\/wp\/v2\/media\/588"}],"wp:attachment":[{"href":"https:\/\/dieter-impekoven.de\/Sanitaer-Heizung-Klima\/wp-json\/wp\/v2\/media?parent=574"}],"curies":[{"name":"wp","href":"https:\/\/api.w.org\/{rel}","templated":true}]}}