{"id":180,"date":"2020-04-20T18:18:57","date_gmt":"2020-04-20T16:18:57","guid":{"rendered":"https:\/\/dieter-impekoven.de\/Sanitaer-Heizung-Klima\/?page_id=180"},"modified":"2021-09-09T13:01:49","modified_gmt":"2021-09-09T11:01:49","slug":"ihr-neues-badezimmer","status":"publish","type":"page","link":"https:\/\/dieter-impekoven.de\/Sanitaer-Heizung-Klima\/ihr-neues-badezimmer\/","title":{"rendered":"Ihr neues Badezimmer"},"content":{"rendered":"<div  data-label=\"About\" data-id=\"about--1\" data-export-id=\"about-5\" data-category=\"about\" class=\"about-5 content-section content-section-spacing\" id=\"about-1\" style=\"background-color: rgb(255, 255, 255);\"><div  class=\"gridContainer\"> <div  class=\"row middle-sm text-center\"><div  class=\"col-sm-6 space-bottom-xs\" data-type=\"column\"> <h5  class=\"\">Von der einfachen Nasszelle zum Wohlf\u00fchlbad!<\/h5> <h2  class=\"\">Ihr neues Badezimmer<\/h2> <p  class=\"\" style=\"text-align: left;\">Das Badezimmer ist der Ort im Haus an dem sich Wohlbefinden am besten sp\u00fcren l\u00e4sst. Deshalb ist es unsere Aufgabe Ihr Bad so individuell und pers\u00f6nlich zu gestalten, wie Sie es sich vorgestellt haben. Es ist schlie\u00dflich nicht irgendein Bad, sondern Ihr Bad!\n<br ><br >\nVon der kompletten Beratung \u00fcber eine detaillierte Planung bis zur fachgerechten Ausf\u00fchrung bieten wir Ihnen ein umfassendes Leistungsangebot. Und das alles aus einer Hand. Auch bei geringf\u00fcgigen Arbeiten sind wir stets f\u00fcr Sie da, denn kleine Details k\u00f6nnen am Ende ebenso ein gro\u00dfartiges Ergebnis erzielen.<br ><br >\nWir planen f\u00fcr Sie auch gerne langfristig. Barrierefreiheit im Alter ist in der Badplanung heute nicht mehr wegzudenken. Auch hier unterst\u00fctzen wir Sie gerne. Lehnen Sie sich zur\u00fcck und machen Sie aus einem Bad, Ihr Bad.\n<br ><br >Rufen Sie uns unverbindlich an. \n<br >Gerne vereinbaren wir auch mit Ihnen ein Beratungstermin.<\/p> <a class=\"button color6\" href=\"https:\/\/dieter-impekoven.de\/Sanitaer-Heizung-Klima\/barrierefreie-badloesungen\" target=\"_self\" data-cp-link=\"1\" data-icon=\"\" rel=\"noopener noreferrer\">Ihr Barrierefreies Bad<\/a><\/div> <div  class=\"col-sm-6 flexbox image-group-right-2 around-xs top-xs space-bottom-xs\"><div  class=\"left-el\"> <img decoding=\"async\"  class=\"shadow-large\" data-size=\"300x430\" src=\"https:\/\/dieter-impekoven.de\/Sanitaer-Heizung-Klima\/wp-content\/uploads\/2020\/08\/cropped-DSC07724-scaled-1.jpg\" alt=\"\" title=\"cropped-DSC07724-scaled-1.jpg\"><\/div> <div  class=\"right-el\"> <img decoding=\"async\"  class=\"shadow-large\" data-size=\"300x430\" src=\"https:\/\/dieter-impekoven.de\/Sanitaer-Heizung-Klima\/wp-content\/uploads\/2020\/08\/cropped-DSC07640-scaled-1.jpg\" alt=\"\" title=\"cropped-DSC07640-scaled-1.jpg\"><\/div> <div  class=\"center-overlay inner-shadow border-large\"><\/div><\/div> <\/div><\/div> <\/div>","protected":false},"excerpt":{"rendered":"<p>Von der einfachen Nasszelle zum Wohlf\u00fchlbad! Ihr neues Badezimmer Das Badezimmer ist der Ort im Haus an dem sich Wohlbefinden am besten sp\u00fcren l\u00e4sst. Deshalb ist es unsere Aufgabe Ihr Bad so individuell und pers\u00f6nlich zu gestalten, wie Sie es sich vorgestellt haben. Es ist schlie\u00dflich nicht irgendein Bad, sondern Ihr Bad! Von der kompletten&hellip; <br \/> <a class=\"read-more\" href=\"https:\/\/dieter-impekoven.de\/Sanitaer-Heizung-Klima\/ihr-neues-badezimmer\/\">Weiterlesen<\/a><\/p>\n","protected":false},"author":1,"featured_media":446,"parent":0,"menu_order":0,"comment_status":"closed","ping_status":"closed","template":"pro\/page-templates\/full-width-page.php","meta":{"footnotes":""},"class_list":["post-180","page","type-page","status-publish","has-post-thumbnail","hentry"],"_links":{"self":[{"href":"https:\/\/dieter-impekoven.de\/Sanitaer-Heizung-Klima\/wp-json\/wp\/v2\/pages\/180","targetHints":{"allow":["GET"]}}],"collection":[{"href":"https:\/\/dieter-impekoven.de\/Sanitaer-Heizung-Klima\/wp-json\/wp\/v2\/pages"}],"about":[{"href":"https:\/\/dieter-impekoven.de\/Sanitaer-Heizung-Klima\/wp-json\/wp\/v2\/types\/page"}],"author":[{"embeddable":true,"href":"https:\/\/dieter-impekoven.de\/Sanitaer-Heizung-Klima\/wp-json\/wp\/v2\/users\/1"}],"replies":[{"embeddable":true,"href":"https:\/\/dieter-impekoven.de\/Sanitaer-Heizung-Klima\/wp-json\/wp\/v2\/comments?post=180"}],"version-history":[{"count":7,"href":"https:\/\/dieter-impekoven.de\/Sanitaer-Heizung-Klima\/wp-json\/wp\/v2\/pages\/180\/revisions"}],"predecessor-version":[{"id":817,"href":"https:\/\/dieter-impekoven.de\/Sanitaer-Heizung-Klima\/wp-json\/wp\/v2\/pages\/180\/revisions\/817"}],"wp:featuredmedia":[{"embeddable":true,"href":"https:\/\/dieter-impekoven.de\/Sanitaer-Heizung-Klima\/wp-json\/wp\/v2\/media\/446"}],"wp:attachment":[{"href":"https:\/\/dieter-impekoven.de\/Sanitaer-Heizung-Klima\/wp-json\/wp\/v2\/media?parent=180"}],"curies":[{"name":"wp","href":"https:\/\/api.w.org\/{rel}","templated":true}]}}

<div  data-label="About" data-id="about--1" data-export-id="about-5" data-category="about" class="about-5 content-section content-section-spacing" id="about-1" style="background-color: rgb(255, 255, 255);"><div  class="gridContainer"> <div  class="row middle-sm text-center"><div  class="col-sm-6 space-bottom-xs" data-type="column"> <h5  class="">Von der einfachen Nasszelle zum Wohlfühlbad!</h5> <h2  class="">Ihr neues Badezimmer</h2> <p  class="" style="text-align: left;">Das Badezimmer ist der Ort im Haus an dem sich Wohlbefinden am besten spüren lässt. Deshalb ist es unsere Aufgabe Ihr Bad so individuell und persönlich zu gestalten, wie Sie es sich vorgestellt haben. Es ist schließlich nicht irgendein Bad, sondern Ihr Bad!
<br ><br >
Von der kompletten Beratung über eine detaillierte Planung bis zur fachgerechten Ausführung bieten wir Ihnen ein umfassendes Leistungsangebot. Und das alles aus einer Hand. Auch bei geringfügigen Arbeiten sind wir stets für Sie da, denn kleine Details können am Ende ebenso ein großartiges Ergebnis erzielen.<br ><br >
Wir planen für Sie auch gerne langfristig. Barrierefreiheit im Alter ist in der Badplanung heute nicht mehr wegzudenken. Auch hier unterstützen wir Sie gerne. Lehnen Sie sich zurück und machen Sie aus einem Bad, Ihr Bad.
<br ><br >Rufen Sie uns unverbindlich an. 
<br >Gerne vereinbaren wir auch mit Ihnen ein Beratungstermin.</p> <a class="button color6" href="https://dieter-impekoven.de/Sanitaer-Heizung-Klima/barrierefreie-badloesungen" target="_self" data-cp-link="1" data-icon="" rel="noopener noreferrer">Ihr Barrierefreies Bad</a></div> <div  class="col-sm-6 flexbox image-group-right-2 around-xs top-xs space-bottom-xs"><div  class="left-el"> <img decoding="async"  class="shadow-large" data-size="300x430" src="https://dieter-impekoven.de/Sanitaer-Heizung-Klima/wp-content/uploads/2020/08/cropped-DSC07724-scaled-1.jpg" alt="" title="cropped-DSC07724-scaled-1.jpg"></div> <div  class="right-el"> <img decoding="async"  class="shadow-large" data-size="300x430" src="https://dieter-impekoven.de/Sanitaer-Heizung-Klima/wp-content/uploads/2020/08/cropped-DSC07640-scaled-1.jpg" alt="" title="cropped-DSC07640-scaled-1.jpg"></div> <div  class="center-overlay inner-shadow border-large"></div></div> </div></div> </div>

<p>Von der einfachen Nasszelle zum Wohlfühlbad! Ihr neues Badezimmer Das Badezimmer ist der Ort im Haus an dem sich Wohlbefinden am besten spüren lässt. Deshalb ist es unsere Aufgabe Ihr Bad so individuell und persönlich zu gestalten, wie Sie es sich vorgestellt haben. Es ist schließlich nicht irgendein Bad, sondern Ihr Bad! Von der kompletten&hellip; <br /> <a class="read-more" href="https://dieter-impekoven.de/Sanitaer-Heizung-Klima/ihr-neues-badezimmer/">Weiterlesen</a></p>
