{"id":174,"date":"2020-04-20T18:18:56","date_gmt":"2020-04-20T16:18:56","guid":{"rendered":"https:\/\/dieter-impekoven.de\/Sanitaer-Heizung-Klima\/?page_id=174"},"modified":"2020-08-25T19:16:54","modified_gmt":"2020-08-25T17:16:54","slug":"barrierefreie-badloesungen","status":"publish","type":"page","link":"https:\/\/dieter-impekoven.de\/Sanitaer-Heizung-Klima\/barrierefreie-badloesungen\/","title":{"rendered":"Barrierefreie Badl\u00f6sungen"},"content":{"rendered":"<div data-label=\"Content\" data-id=\"content--1\" data-export-id=\"content-2\" data-category=\"content\" class=\"content-2 content-section content-section-spacing\" id=\"content-1\"  style=\"background-color: rgb(245, 250, 253);\"><div > <div class=\"row middle-xs\" ><div class=\"col-sm-5 bg-image shadow-large-black\" data-bg=\"image\"  style=\"background-image: url(&quot;https:\/\/dieter-impekoven.de\/Sanitaer-Heizung-Klima\/wp-content\/uploads\/2020\/08\/cropped-DSC07751-scaled-1.jpg&quot;);\"><\/div> <div class=\"col-sm-7 full-col-left-padding full-col-right-padding\" > <div class=\"row\" > <div data-type=\"column\" class=\"space-bottom-small content-title-col\" > <h5 class=\"\" >Altersgerechtes Wohnen beginnt schon beim Bad.<\/h5> <h2 class=\"\" >Barrierefreie Badl\u00f6sungen<\/h2> <p class=\"\" >Aufgrund des demografischen Wandelns und der daraus resultierenden Entwicklung der \u00dcberalterung der Gesellschaft in Deutschland r\u00fcckt das Thema immer weiter in den Fokus der Bev\u00f6lkerung und ist heute nicht mehr wegzudenken.\n<br >Die Nachfrage nach barrierefreien B\u00e4dern ist auch in unserem Unternehmen in den letzten Jahren stark gestiegen.\n<br >Das zeigt, welch hohe Bedeutung das Badezimmer f\u00fcr das Wohlbefinden und die Lebensqualit\u00e4t besitzt.<br >\nGerne beraten wir Sie, wenn Sie Ihr Bad umgestalten, Barrieren abbauen und es f\u00fcrs Alter fit machen m\u00f6chten.<\/p><\/div> <\/div> <div class=\"row spaced-cols \" data-type=\"row\" > <div class=\"col-xs-6\" data-type=\"column\" > <h5 class=\"\" >Bodengleiche Duschen<\/h5> <p class=\"\" >Weitl\u00e4ufige Fl\u00e4chen, schlichtes Design und v\u00f6llige Barrierefreiheit. Mit einer bodengleichen Dusche wird das Badezimmer zum Wohlf\u00fchlraum.<\/p><\/div> <div class=\"col-xs-6\" data-type=\"column\" ><h5 class=\"\" >Barrierefreie Hilfen<\/h5> <p class=\"\" >Egal ob Duschsitz, Haltegriffe oder einfach zu bedienende Armaturen. Wir beraten Sie gerne zu Alltagshilfen im Bad.<\/p><\/div> <div class=\"col-xs-6\" data-type=\"column\" ><h5 class=\"\" >Unterfahrbare Waschtische<\/h5> <p class=\"\" >Ein unterfahrbarer Waschtisch schenkt unvergleichbare Bequemlichkeit und tr\u00e4gt zur Barrerefreiheit bei.<\/p><\/div> <div class=\"col-xs-6\" data-type=\"column\" ><h5 class=\"\" >Erh\u00f6hte WCs<\/h5> <p class=\"\" >H\u00f6chstm\u00f6glichen Komfort bietet ein erh\u00f6htes WCs. V\u00f6llig gleich ob an der Wand oder ein Stand-WC. Gerne stellen wir Ihnen verschiedene M\u00f6glichkeiten zur Auswahl.<\/p><\/div> <\/div><\/div> <\/div><\/div> <\/div>","protected":false},"excerpt":{"rendered":"<p>Altersgerechtes Wohnen beginnt schon beim Bad. Barrierefreie Badl\u00f6sungen Aufgrund des demografischen Wandelns und der daraus resultierenden Entwicklung der \u00dcberalterung der Gesellschaft in Deutschland r\u00fcckt das Thema immer weiter in den Fokus der Bev\u00f6lkerung und ist heute nicht mehr wegzudenken. Die Nachfrage nach barrierefreien B\u00e4dern ist auch in unserem Unternehmen in den letzten Jahren stark gestiegen.&hellip; <br \/> <a class=\"read-more\" href=\"https:\/\/dieter-impekoven.de\/Sanitaer-Heizung-Klima\/barrierefreie-badloesungen\/\">Weiterlesen<\/a><\/p>\n","protected":false},"author":1,"featured_media":455,"parent":0,"menu_order":0,"comment_status":"closed","ping_status":"closed","template":"pro\/page-templates\/full-width-page.php","meta":{"footnotes":""},"class_list":["post-174","page","type-page","status-publish","has-post-thumbnail","hentry"],"_links":{"self":[{"href":"https:\/\/dieter-impekoven.de\/Sanitaer-Heizung-Klima\/wp-json\/wp\/v2\/pages\/174","targetHints":{"allow":["GET"]}}],"collection":[{"href":"https:\/\/dieter-impekoven.de\/Sanitaer-Heizung-Klima\/wp-json\/wp\/v2\/pages"}],"about":[{"href":"https:\/\/dieter-impekoven.de\/Sanitaer-Heizung-Klima\/wp-json\/wp\/v2\/types\/page"}],"author":[{"embeddable":true,"href":"https:\/\/dieter-impekoven.de\/Sanitaer-Heizung-Klima\/wp-json\/wp\/v2\/users\/1"}],"replies":[{"embeddable":true,"href":"https:\/\/dieter-impekoven.de\/Sanitaer-Heizung-Klima\/wp-json\/wp\/v2\/comments?post=174"}],"version-history":[{"count":4,"href":"https:\/\/dieter-impekoven.de\/Sanitaer-Heizung-Klima\/wp-json\/wp\/v2\/pages\/174\/revisions"}],"predecessor-version":[{"id":458,"href":"https:\/\/dieter-impekoven.de\/Sanitaer-Heizung-Klima\/wp-json\/wp\/v2\/pages\/174\/revisions\/458"}],"wp:featuredmedia":[{"embeddable":true,"href":"https:\/\/dieter-impekoven.de\/Sanitaer-Heizung-Klima\/wp-json\/wp\/v2\/media\/455"}],"wp:attachment":[{"href":"https:\/\/dieter-impekoven.de\/Sanitaer-Heizung-Klima\/wp-json\/wp\/v2\/media?parent=174"}],"curies":[{"name":"wp","href":"https:\/\/api.w.org\/{rel}","templated":true}]}}

Barrierefreie Badlösungen

<div data-label="Content" data-id="content--1" data-export-id="content-2" data-category="content" class="content-2 content-section content-section-spacing" id="content-1"  style="background-color: rgb(245, 250, 253);"><div > <div class="row middle-xs" ><div class="col-sm-5 bg-image shadow-large-black" data-bg="image"  style="background-image: url(&quot;https://dieter-impekoven.de/Sanitaer-Heizung-Klima/wp-content/uploads/2020/08/cropped-DSC07751-scaled-1.jpg&quot;);"></div> <div class="col-sm-7 full-col-left-padding full-col-right-padding" > <div class="row" > <div data-type="column" class="space-bottom-small content-title-col" > <h5 class="" >Altersgerechtes Wohnen beginnt schon beim Bad.</h5> <h2 class="" >Barrierefreie Badlösungen</h2> <p class="" >Aufgrund des demografischen Wandelns und der daraus resultierenden Entwicklung der Überalterung der Gesellschaft in Deutschland rückt das Thema immer weiter in den Fokus der Bevölkerung und ist heute nicht mehr wegzudenken.
<br >Die Nachfrage nach barrierefreien Bädern ist auch in unserem Unternehmen in den letzten Jahren stark gestiegen.
<br >Das zeigt, welch hohe Bedeutung das Badezimmer für das Wohlbefinden und die Lebensqualität besitzt.<br >
Gerne beraten wir Sie, wenn Sie Ihr Bad umgestalten, Barrieren abbauen und es fürs Alter fit machen möchten.</p></div> </div> <div class="row spaced-cols " data-type="row" > <div class="col-xs-6" data-type="column" > <h5 class="" >Bodengleiche Duschen</h5> <p class="" >Weitläufige Flächen, schlichtes Design und völlige Barrierefreiheit. Mit einer bodengleichen Dusche wird das Badezimmer zum Wohlfühlraum.</p></div> <div class="col-xs-6" data-type="column" ><h5 class="" >Barrierefreie Hilfen</h5> <p class="" >Egal ob Duschsitz, Haltegriffe oder einfach zu bedienende Armaturen. Wir beraten Sie gerne zu Alltagshilfen im Bad.</p></div> <div class="col-xs-6" data-type="column" ><h5 class="" >Unterfahrbare Waschtische</h5> <p class="" >Ein unterfahrbarer Waschtisch schenkt unvergleichbare Bequemlichkeit und trägt zur Barrerefreiheit bei.</p></div> <div class="col-xs-6" data-type="column" ><h5 class="" >Erhöhte WCs</h5> <p class="" >Höchstmöglichen Komfort bietet ein erhöhtes WCs. Völlig gleich ob an der Wand oder ein Stand-WC. Gerne stellen wir Ihnen verschiedene Möglichkeiten zur Auswahl.</p></div> </div></div> </div></div> </div>

<p>Altersgerechtes Wohnen beginnt schon beim Bad. Barrierefreie Badlösungen Aufgrund des demografischen Wandelns und der daraus resultierenden Entwicklung der Überalterung der Gesellschaft in Deutschland rückt das Thema immer weiter in den Fokus der Bevölkerung und ist heute nicht mehr wegzudenken. Die Nachfrage nach barrierefreien Bädern ist auch in unserem Unternehmen in den letzten Jahren stark gestiegen.&hellip; <br /> <a class="read-more" href="https://dieter-impekoven.de/Sanitaer-Heizung-Klima/barrierefreie-badloesungen/">Weiterlesen</a></p>
